{"id":1208,"date":"2019-11-02T12:24:31","date_gmt":"2019-11-02T11:24:31","guid":{"rendered":"https:\/\/xn--digest-ernhrungsberatung-zbc.de\/?page_id=1208"},"modified":"2019-11-03T13:04:37","modified_gmt":"2019-11-03T12:04:37","slug":"fussreflexzonenmassage","status":"publish","type":"page","link":"https:\/\/xn--digest-ernhrungsberatung-zbc.de\/?page_id=1208","title":{"rendered":"Fu\u00dfreflexzonenmassage"},"content":{"rendered":"\t\t<div data-elementor-type=\"wp-page\" data-elementor-id=\"1208\" class=\"elementor elementor-1208\">\n\t\t\t\t\t\t<section class=\"elementor-section elementor-top-section elementor-element elementor-element-6513c809 elementor-section-boxed elementor-section-height-default elementor-section-height-default\" data-id=\"6513c809\" data-element_type=\"section\" data-e-type=\"section\">\n\t\t\t\t\t\t<div class=\"elementor-container elementor-column-gap-default\">\n\t\t\t\t\t<div class=\"elementor-column elementor-col-100 elementor-top-column elementor-element elementor-element-7c9a455\" data-id=\"7c9a455\" data-element_type=\"column\" data-e-type=\"column\">\n\t\t\t<div class=\"elementor-widget-wrap elementor-element-populated\">\n\t\t\t\t\t\t<div class=\"elementor-element elementor-element-6bb6c0f0 elementor-widget elementor-widget-text-editor\" data-id=\"6bb6c0f0\" data-element_type=\"widget\" data-e-type=\"widget\" data-widget_type=\"text-editor.default\">\n\t\t\t\t<div class=\"elementor-widget-container\">\n\t\t\t\t\t\t\t\t\t<div class=\"OutlineElement Ltr BCX1 SCXW51426061\" style=\"background-color: transparent; clear: both; color: #000000; cursor: text; direction: ltr; font-size: 12px; font-style: normal; font-variant: normal; font-weight: 400; overflow: visible; position: relative; -webkit-tap-highlight-color: transparent;\"><p class=\"Paragraph SCXW51426061 BCX1\" style=\"background-color: transparent; font-style: normal; font-weight: 400; margin-bottom: 0px; -webkit-tap-highlight-color: transparent; overflow-wrap: break-word;\"><span class=\"TextRun SCXW51426061 BCX1\" lang=\"DE-DE\" style=\"color: #444444; font-size: 15.33px; line-height: 19.42px; -webkit-tap-highlight-color: transparent;\" xml:lang=\"DE-DE\" data-contrast=\"none\"><span class=\"NormalTextRun SCXW51426061 BCX1\" style=\"background-color: transparent; -webkit-tap-highlight-color: transparent;\">F\u00fc\u00dfe tragen uns durch unser ganzes Leben und kriegen oft so wenig Aufmerksamkeit geschenkt<\/span><\/span><span class=\"TextRun SCXW51426061 BCX1\" lang=\"DE-DE\" style=\"color: #444444; font-size: 15.33px; line-height: 19.42px; -webkit-tap-highlight-color: transparent;\" xml:lang=\"DE-DE\" data-contrast=\"none\"><span class=\"NormalTextRun SCXW51426061 BCX1\" style=\"background-color: transparent; -webkit-tap-highlight-color: transparent;\">.<\/span><\/span><span class=\"EOP SCXW51426061 BCX1\" style=\"font-size: 15.33px; line-height: 19.42px; -webkit-tap-highlight-color: transparent;\" data-ccp-props=\"{\">\u00a0<\/span><span class=\"TextRun SCXW51426061 BCX1\" lang=\"DE-DE\" style=\"background-color: transparent; font-style: normal; font-weight: 400; color: #444444; font-size: 15.33px; line-height: 19.42px; -webkit-tap-highlight-color: transparent;\" xml:lang=\"DE-DE\" data-contrast=\"none\"><span class=\"NormalTextRun SCXW51426061 BCX1\" style=\"background-color: transparent; -webkit-tap-highlight-color: transparent;\">Eine wohltuende Fu\u00dfmassage die Beschwerden lindert?<\/span><\/span><span class=\"EOP SCXW51426061 BCX1\" style=\"background-color: transparent; font-style: normal; font-weight: 400; font-size: 15.33px; line-height: 19.42px; -webkit-tap-highlight-color: transparent;\" data-ccp-props=\"{\">\u00a0<\/span><\/p><\/div><div class=\"OutlineElement Ltr BCX1 SCXW51426061\" style=\"background-color: transparent; clear: both; color: #000000; cursor: text; direction: ltr; font-size: 12px; font-style: normal; font-variant: normal; font-weight: 400; overflow: visible; position: relative; -webkit-tap-highlight-color: transparent;\"><p class=\"Paragraph SCXW51426061 BCX1\" style=\"background-color: transparent; font-style: normal; font-weight: 400; margin-bottom: 0px; -webkit-tap-highlight-color: transparent; overflow-wrap: break-word;\"><span class=\"TextRun SCXW51426061 BCX1\" lang=\"DE-DE\" style=\"color: #444444; font-size: 15.33px; line-height: 19.42px; -webkit-tap-highlight-color: transparent;\" xml:lang=\"DE-DE\" data-contrast=\"none\"><span class=\"NormalTextRun SCXW51426061 BCX1\" style=\"background-color: transparent; -webkit-tap-highlight-color: transparent;\">Genau das kann eine Fu\u00dfreflexzonenmassage. Sie regt die Durchblutung an, baut Stress ab und stimuliert die Selbstheilungskr\u00e4fte.<\/span><\/span><span class=\"EOP SCXW51426061 BCX1\" style=\"font-size: 15.33px; line-height: 19.42px; -webkit-tap-highlight-color: transparent;\" data-ccp-props=\"{\">\u00a0<\/span><\/p><\/div><div class=\"OutlineElement Ltr BCX1 SCXW51426061\" style=\"background-color: transparent; clear: both; color: #000000; cursor: text; direction: ltr; font-size: 12px; font-style: normal; font-variant: normal; font-weight: 400; overflow: visible; position: relative; -webkit-tap-highlight-color: transparent;\"><p class=\"Paragraph SCXW51426061 BCX1\" style=\"background-color: transparent; font-style: normal; font-weight: 400; margin-bottom: 0px; -webkit-tap-highlight-color: transparent; overflow-wrap: break-word;\"><span class=\"TextRun SCXW51426061 BCX1\" lang=\"DE-DE\" style=\"color: #444444; font-size: 15.33px; line-height: 19.42px; -webkit-tap-highlight-color: transparent;\" xml:lang=\"DE-DE\" data-contrast=\"none\"><span class=\"NormalTextRun SCXW51426061 BCX1\" style=\"background-color: transparent; -webkit-tap-highlight-color: transparent;\">K\u00f6rperaktivierung \u00fcber die F\u00fc\u00dfe.<\/span><\/span><span class=\"EOP SCXW51426061 BCX1\" style=\"font-size: 15.33px; line-height: 19.42px; -webkit-tap-highlight-color: transparent;\" data-ccp-props=\"{\">\u00a0<\/span><\/p><\/div><div class=\"OutlineElement Ltr BCX1 SCXW51426061\" style=\"background-color: transparent; clear: both; color: #000000; cursor: text; direction: ltr; font-size: 12px; font-style: normal; font-variant: normal; font-weight: 400; overflow: visible; position: relative; -webkit-tap-highlight-color: transparent;\"><p class=\"Paragraph SCXW51426061 BCX1\" style=\"background-color: transparent; font-style: normal; font-weight: 400; margin-bottom: 0px; -webkit-tap-highlight-color: transparent; overflow-wrap: break-word;\"><span class=\"TextRun SCXW51426061 BCX1\" lang=\"DE-DE\" style=\"color: #444444; font-size: 15.33px; line-height: 19.42px; -webkit-tap-highlight-color: transparent;\" xml:lang=\"DE-DE\" data-contrast=\"none\"><span class=\"NormalTextRun SCXW51426061 BCX1\" style=\"background-color: transparent; -webkit-tap-highlight-color: transparent;\">Je nach Beschwerden und Krankheitsbild werden bestimmte Punkte am Fu\u00df beruhigend(sedierend) oder anregend tonisierend gedr\u00fcckt.<\/span><\/span><span class=\"EOP SCXW51426061 BCX1\" style=\"font-size: 15.33px; line-height: 19.42px; -webkit-tap-highlight-color: transparent;\" data-ccp-props=\"{\">\u00a0<\/span><\/p><\/div><div class=\"OutlineElement Ltr BCX1 SCXW51426061\" style=\"background-color: transparent; clear: both; color: #000000; cursor: text; direction: ltr; font-size: 12px; font-style: normal; font-variant: normal; font-weight: 400; overflow: visible; position: relative; -webkit-tap-highlight-color: transparent;\"><p class=\"Paragraph SCXW51426061 BCX1\" style=\"background-color: transparent; font-style: normal; font-weight: 400; margin-bottom: 0px; -webkit-tap-highlight-color: transparent; overflow-wrap: break-word;\"><span class=\"TextRun SCXW51426061 BCX1\" lang=\"DE-DE\" style=\"color: #444444; font-size: 15.33px; line-height: 19.42px; -webkit-tap-highlight-color: transparent;\" xml:lang=\"DE-DE\" data-contrast=\"none\"><span class=\"NormalTextRun SCXW51426061 BCX1\" style=\"background-color: transparent; -webkit-tap-highlight-color: transparent;\">Beruhigende Griffe werden meist zur Schmerzbehandlung eingesetzt. Bei den anregenden Griffen werden Reflexpunkte mit kreisenden Bewegungen oder st\u00e4rkerem Druck stimuliert. So sollen positive Reaktionen am entsprechenden Gelen<\/span><\/span><span class=\"TextRun SCXW51426061 BCX1\" lang=\"DE-DE\" style=\"color: #444444; font-size: 15.33px; line-height: 19.42px; -webkit-tap-highlight-color: transparent;\" xml:lang=\"DE-DE\" data-contrast=\"none\"><span class=\"NormalTextRun SCXW51426061 BCX1\" style=\"background-color: transparent; -webkit-tap-highlight-color: transparent;\">k<\/span><\/span><span class=\"TextRun SCXW51426061 BCX1\" lang=\"DE-DE\" style=\"color: #444444; font-size: 15.33px; line-height: 19.42px; -webkit-tap-highlight-color: transparent;\" xml:lang=\"DE-DE\" data-contrast=\"none\"><span class=\"NormalTextRun SCXW51426061 BCX1\" style=\"background-color: transparent; -webkit-tap-highlight-color: transparent;\">, Organ oder Muskel ausgel\u00f6st werden<\/span><\/span><span class=\"TextRun SCXW51426061 BCX1\" lang=\"DE-DE\" style=\"color: #444444; font-size: 15.33px; line-height: 19.42px; -webkit-tap-highlight-color: transparent;\" xml:lang=\"DE-DE\" data-contrast=\"none\"><span class=\"NormalTextRun SCXW51426061 BCX1\" style=\"background-color: transparent; -webkit-tap-highlight-color: transparent;\"> und die Beschwerden verschwinden\/lindern.\u00a0<\/span><\/span><\/p><\/div>\t\t\t\t\t\t\t\t<\/div>\n\t\t\t\t<\/div>\n\t\t\t\t\t<\/div>\n\t\t<\/div>\n\t\t\t\t\t<\/div>\n\t\t<\/section>\n\t\t\t\t<section class=\"elementor-section elementor-top-section elementor-element elementor-element-f3109c1 elementor-section-boxed elementor-section-height-default elementor-section-height-default\" data-id=\"f3109c1\" data-element_type=\"section\" data-e-type=\"section\">\n\t\t\t\t\t\t<div class=\"elementor-container elementor-column-gap-default\">\n\t\t\t\t\t<div class=\"elementor-column elementor-col-50 elementor-top-column elementor-element elementor-element-fdbe6b2\" data-id=\"fdbe6b2\" data-element_type=\"column\" data-e-type=\"column\">\n\t\t\t<div class=\"elementor-widget-wrap elementor-element-populated\">\n\t\t\t\t\t\t<div class=\"elementor-element elementor-element-02860ca elementor-widget elementor-widget-text-editor\" data-id=\"02860ca\" data-element_type=\"widget\" data-e-type=\"widget\" data-widget_type=\"text-editor.default\">\n\t\t\t\t<div class=\"elementor-widget-container\">\n\t\t\t\t\t\t\t\t\t<div class=\"OutlineElement Ltr BCX1 SCXW209646648\" style=\"background-color: transparent; clear: both; color: #000000; cursor: text; direction: ltr; font-size: 12px; font-style: normal; font-variant: normal; font-weight: 400; overflow: visible; position: relative; -webkit-tap-highlight-color: transparent;\"><h5><span style=\"color: #000000;\"><strong>\u00dcber die F\u00fc\u00dfe erreichen wir:<\/strong><\/span><\/h5><ul><li class=\"Paragraph SCXW209646648 BCX1\" style=\"background-color: transparent; font-style: normal; font-weight: 400; -webkit-tap-highlight-color: transparent; overflow-wrap: break-word;\"><span class=\"TextRun SCXW209646648 BCX1\" lang=\"DE-DE\" style=\"color: #444444; font-size: 15.33px; line-height: 19.42px; -webkit-tap-highlight-color: transparent;\" xml:lang=\"DE-DE\" data-contrast=\"none\"><span class=\"NormalTextRun SCXW209646648 BCX1\" style=\"background-color: transparent; -webkit-tap-highlight-color: transparent;\">die Aktivierung der Ausscheidungsorgane, der Entgiftungsorgane: Nieren, Leber Darm<\/span><\/span><span class=\"EOP SCXW209646648 BCX1\" style=\"font-size: 15.33px; line-height: 19.42px; -webkit-tap-highlight-color: transparent;\" data-ccp-props=\"{\">\u00a0<\/span><\/li><\/ul><\/div><div class=\"OutlineElement Ltr BCX1 SCXW209646648\" style=\"background-color: transparent; clear: both; color: #000000; cursor: text; direction: ltr; font-size: 12px; font-style: normal; font-variant: normal; font-weight: 400; overflow: visible; position: relative; -webkit-tap-highlight-color: transparent;\"><ul><li class=\"Paragraph SCXW209646648 BCX1\" style=\"background-color: transparent; font-style: normal; font-weight: 400; -webkit-tap-highlight-color: transparent; overflow-wrap: break-word;\"><span class=\"TextRun SCXW209646648 BCX1\" lang=\"DE-DE\" style=\"color: #444444; font-size: 15.33px; line-height: 19.42px; -webkit-tap-highlight-color: transparent;\" xml:lang=\"DE-DE\" data-contrast=\"none\"><span class=\"NormalTextRun SCXW209646648 BCX1\" style=\"background-color: transparent; -webkit-tap-highlight-color: transparent;\">den Energiefluss wieder harmonisieren <\/span><\/span><span class=\"EOP SCXW209646648 BCX1\" style=\"font-size: 15.33px; line-height: 19.42px; -webkit-tap-highlight-color: transparent;\" data-ccp-props=\"{\">\u00a0<\/span><\/li><\/ul><\/div><div class=\"OutlineElement Ltr BCX1 SCXW209646648\" style=\"background-color: transparent; clear: both; color: #000000; cursor: text; direction: ltr; font-size: 12px; font-style: normal; font-variant: normal; font-weight: 400; overflow: visible; position: relative; -webkit-tap-highlight-color: transparent;\"><ul><li class=\"Paragraph SCXW209646648 BCX1\" style=\"background-color: transparent; font-style: normal; font-weight: 400; -webkit-tap-highlight-color: transparent; overflow-wrap: break-word;\"><span class=\"TextRun SCXW209646648 BCX1\" lang=\"DE-DE\" style=\"color: #444444; font-size: 15.33px; line-height: 19.42px; -webkit-tap-highlight-color: transparent;\" xml:lang=\"DE-DE\" data-contrast=\"none\"><span class=\"NormalTextRun SCXW209646648 BCX1\" style=\"background-color: transparent; -webkit-tap-highlight-color: transparent;\">Verspannungen und Blockaden l\u00f6sen\u00a0<\/span><\/span><span class=\"EOP SCXW209646648 BCX1\" style=\"font-size: 15.33px; line-height: 19.42px; -webkit-tap-highlight-color: transparent;\" data-ccp-props=\"{\">\u00a0<\/span><\/li><\/ul><\/div><div class=\"OutlineElement Ltr BCX1 SCXW209646648\" style=\"background-color: transparent; clear: both; color: #000000; cursor: text; direction: ltr; font-size: 12px; font-style: normal; font-variant: normal; font-weight: 400; overflow: visible; position: relative; -webkit-tap-highlight-color: transparent;\"><ul><li class=\"Paragraph SCXW209646648 BCX1\" style=\"background-color: transparent; font-style: normal; font-weight: 400; -webkit-tap-highlight-color: transparent; overflow-wrap: break-word;\"><span class=\"TextRun SCXW209646648 BCX1\" lang=\"DE-DE\" style=\"color: #444444; font-size: 15.33px; line-height: 19.42px; -webkit-tap-highlight-color: transparent;\" xml:lang=\"DE-DE\" data-contrast=\"none\"><span class=\"NormalTextRun SCXW209646648 BCX1\" style=\"background-color: transparent; -webkit-tap-highlight-color: transparent;\">die Stabilisierung der seelischen und psychischen Verfassung<\/span><\/span><span class=\"EOP SCXW209646648 BCX1\" style=\"font-size: 15.33px; line-height: 19.42px; -webkit-tap-highlight-color: transparent;\" data-ccp-props=\"{\">\u00a0<\/span><\/li><\/ul><\/div>\t\t\t\t\t\t\t\t<\/div>\n\t\t\t\t<\/div>\n\t\t\t\t\t<\/div>\n\t\t<\/div>\n\t\t\t\t<div class=\"elementor-column elementor-col-50 elementor-top-column elementor-element elementor-element-81d0ab2\" data-id=\"81d0ab2\" data-element_type=\"column\" data-e-type=\"column\">\n\t\t\t<div class=\"elementor-widget-wrap elementor-element-populated\">\n\t\t\t\t\t\t<div class=\"elementor-element elementor-element-d1a8737 elementor-widget elementor-widget-image\" data-id=\"d1a8737\" data-element_type=\"widget\" data-e-type=\"widget\" data-widget_type=\"image.default\">\n\t\t\t\t<div class=\"elementor-widget-container\">\n\t\t\t\t\t\t\t\t\t\t\t\t\t\t\t<img fetchpriority=\"high\" decoding=\"async\" width=\"1024\" height=\"605\" src=\"https:\/\/xn--digest-ernhrungsberatung-zbc.de\/wp-content\/uploads\/2019\/11\/feet-830503_1920__-1024x605.jpg\" class=\"attachment-large size-large wp-image-1243\" alt=\"\" srcset=\"https:\/\/xn--digest-ernhrungsberatung-zbc.de\/wp-content\/uploads\/2019\/11\/feet-830503_1920__-1024x605.jpg 1024w, https:\/\/xn--digest-ernhrungsberatung-zbc.de\/wp-content\/uploads\/2019\/11\/feet-830503_1920__-300x177.jpg 300w, https:\/\/xn--digest-ernhrungsberatung-zbc.de\/wp-content\/uploads\/2019\/11\/feet-830503_1920__-768x454.jpg 768w, https:\/\/xn--digest-ernhrungsberatung-zbc.de\/wp-content\/uploads\/2019\/11\/feet-830503_1920__.jpg 1920w\" sizes=\"(max-width: 1024px) 100vw, 1024px\" \/>\t\t\t\t\t\t\t\t\t\t\t\t\t\t\t<\/div>\n\t\t\t\t<\/div>\n\t\t\t\t\t<\/div>\n\t\t<\/div>\n\t\t\t\t\t<\/div>\n\t\t<\/section>\n\t\t\t\t<section class=\"elementor-section elementor-top-section elementor-element elementor-element-e01a6f3 elementor-section-boxed elementor-section-height-default elementor-section-height-default\" data-id=\"e01a6f3\" data-element_type=\"section\" data-e-type=\"section\">\n\t\t\t\t\t\t<div class=\"elementor-container elementor-column-gap-default\">\n\t\t\t\t\t<div class=\"elementor-column elementor-col-100 elementor-top-column elementor-element elementor-element-efa8691\" data-id=\"efa8691\" data-element_type=\"column\" data-e-type=\"column\">\n\t\t\t<div class=\"elementor-widget-wrap elementor-element-populated\">\n\t\t\t\t\t\t<div class=\"elementor-element elementor-element-198ba02 elementor-widget elementor-widget-text-editor\" data-id=\"198ba02\" data-element_type=\"widget\" data-e-type=\"widget\" data-widget_type=\"text-editor.default\">\n\t\t\t\t<div class=\"elementor-widget-container\">\n\t\t\t\t\t\t\t\t\t<div style=\"background-color: transparent; clear: both; color: #000000; cursor: text; direction: ltr; font-size: 12px; font-style: normal; font-variant: normal; font-weight: 400; overflow: visible; position: relative; -webkit-tap-highlight-color: transparent;\"><p style=\"background-color: transparent; font-style: normal; font-weight: 400; margin-bottom: 0px; -webkit-tap-highlight-color: transparent; overflow-wrap: break-word;\"><span lang=\"DE-DE\" style=\"color: #444444; font-size: 15.33px; line-height: 19.42px; -webkit-tap-highlight-color: transparent;\" xml:lang=\"DE-DE\" data-contrast=\"none\"><span style=\"background-color: transparent; -webkit-tap-highlight-color: transparent;\">Ich praktiziere nach Hanne Marquardt,\u00a0<\/span><\/span><span lang=\"DE-DE\" style=\"background-color: transparent; font-style: normal; font-weight: 400; color: #444444; font-size: 15.33px; line-height: 19.42px; -webkit-tap-highlight-color: transparent;\" xml:lang=\"DE-DE\" data-contrast=\"none\"><span style=\"background-color: transparent; -webkit-tap-highlight-color: transparent;\">eine spezielle Massagetechnik, die auf der Erfahrung beruht, dass der Fu\u00df in Wechselbeziehung zum ganzen K\u00f6rper steht.\u00a0<\/span><\/span><span lang=\"DE-DE\" style=\"background-color: transparent; font-style: normal; font-weight: 400; color: #444444; font-size: 15.33px; line-height: 19.42px; -webkit-tap-highlight-color: transparent;\" xml:lang=\"DE-DE\" data-contrast=\"none\"><span style=\"background-color: transparent; -webkit-tap-highlight-color: transparent;\">In der Regel dauert eine Fu\u00dfreflexzonenmassage etwa 30 Minuten.<\/span><\/span><span style=\"background-color: transparent; font-style: normal; font-weight: 400; font-size: 15.33px; line-height: 19.42px; -webkit-tap-highlight-color: transparent;\" data-ccp-props=\"{\">\u00a0&#8211; e<\/span><span lang=\"DE-DE\" style=\"background-color: transparent; font-style: normal; font-weight: 400; color: #444444; font-size: 15.33px; line-height: 19.42px; -webkit-tap-highlight-color: transparent;\" xml:lang=\"DE-DE\" data-contrast=\"none\"><span style=\"background-color: transparent; -webkit-tap-highlight-color: transparent;\">ine Anamnese ca<\/span><\/span><span lang=\"DE-DE\" style=\"background-color: transparent; font-style: normal; font-weight: 400; color: #444444; font-size: 15.33px; line-height: 19.42px; -webkit-tap-highlight-color: transparent;\" xml:lang=\"DE-DE\" data-contrast=\"none\"><span style=\"background-color: transparent; -webkit-tap-highlight-color: transparent;\">.<\/span><\/span><span lang=\"DE-DE\" style=\"background-color: transparent; font-style: normal; font-weight: 400; color: #444444; font-size: 15.33px; line-height: 19.42px; -webkit-tap-highlight-color: transparent;\" xml:lang=\"DE-DE\" data-contrast=\"none\"><span style=\"background-color: transparent; -webkit-tap-highlight-color: transparent;\"> 60 Minuten.<\/span><\/span><\/p><p style=\"background-color: transparent; font-style: normal; font-weight: 400; margin-bottom: 0px; -webkit-tap-highlight-color: transparent; overflow-wrap: break-word;\"><span lang=\"DE-DE\" style=\"background-color: transparent; font-style: normal; font-weight: 400; color: #444444; font-size: 15.33px; line-height: 19.42px; -webkit-tap-highlight-color: transparent;\" xml:lang=\"DE-DE\" data-contrast=\"none\"><span style=\"background-color: transparent; -webkit-tap-highlight-color: transparent;\">\u00a0<\/span><\/span><\/p><p style=\"background-color: transparent; font-style: normal; font-weight: 400; margin-bottom: 0px; -webkit-tap-highlight-color: transparent; overflow-wrap: break-word;\"><span lang=\"DE-DE\" style=\"background-color: transparent; font-style: normal; font-weight: 400; color: #444444; font-size: 15.33px; line-height: 19.42px; -webkit-tap-highlight-color: transparent;\" xml:lang=\"DE-DE\" data-contrast=\"none\"><span style=\"background-color: transparent; -webkit-tap-highlight-color: transparent;\">Interesse geweckt? Ich freue mich auf Ihre Kontaktaufnahme. Gerne melde ich mich telefonisch bei Ihnen um Ihr Anliegen zu besprechen.<\/span><\/span><\/p><\/div>\t\t\t\t\t\t\t\t<\/div>\n\t\t\t\t<\/div>\n\t\t\t\t\t<\/div>\n\t\t<\/div>\n\t\t\t\t\t<\/div>\n\t\t<\/section>\n\t\t\t\t<\/div>\n\t\t","protected":false},"excerpt":{"rendered":"<p>F\u00fc\u00dfe tragen uns durch unser ganzes Leben und kriegen oft so wenig Aufmerksamkeit geschenkt.\u00a0Eine wohltuende Fu\u00dfmassage die Beschwerden lindert?\u00a0 Genau das kann eine Fu\u00dfreflexzonenmassage. Sie regt die Durchblutung an, baut Stress ab und stimuliert die Selbstheilungskr\u00e4fte.\u00a0 K\u00f6rperaktivierung \u00fcber die F\u00fc\u00dfe.\u00a0 Je nach Beschwerden und Krankheitsbild werden bestimmte Punkte am Fu\u00df beruhigend(sedierend) oder anregend tonisierend gedr\u00fcckt.\u00a0 [&hellip;]<\/p>\n","protected":false},"author":1,"featured_media":0,"parent":0,"menu_order":0,"comment_status":"closed","ping_status":"closed","template":"","meta":{"ocean_post_layout":"full-width","ocean_both_sidebars_style":"","ocean_both_sidebars_content_width":0,"ocean_both_sidebars_sidebars_width":0,"ocean_sidebar":"sidebar-2","ocean_second_sidebar":"0","ocean_disable_margins":"enable","ocean_add_body_class":"","ocean_shortcode_before_top_bar":"","ocean_shortcode_after_top_bar":"","ocean_shortcode_before_header":"","ocean_shortcode_after_header":"","ocean_has_shortcode":"","ocean_shortcode_after_title":"","ocean_shortcode_before_footer_widgets":"","ocean_shortcode_after_footer_widgets":"","ocean_shortcode_before_footer_bottom":"","ocean_shortcode_after_footer_bottom":"","ocean_display_top_bar":"default","ocean_display_header":"default","ocean_header_style":"","ocean_center_header_left_menu":"0","ocean_custom_header_template":"0","ocean_custom_logo":0,"ocean_custom_retina_logo":0,"ocean_custom_logo_max_width":0,"ocean_custom_logo_tablet_max_width":0,"ocean_custom_logo_mobile_max_width":0,"ocean_custom_logo_max_height":0,"ocean_custom_logo_tablet_max_height":0,"ocean_custom_logo_mobile_max_height":0,"ocean_header_custom_menu":"0","ocean_menu_typo_font_family":"0","ocean_menu_typo_font_subset":"","ocean_menu_typo_font_size":0,"ocean_menu_typo_font_size_tablet":0,"ocean_menu_typo_font_size_mobile":0,"ocean_menu_typo_font_size_unit":"px","ocean_menu_typo_font_weight":"","ocean_menu_typo_font_weight_tablet":"","ocean_menu_typo_font_weight_mobile":"","ocean_menu_typo_transform":"","ocean_menu_typo_transform_tablet":"","ocean_menu_typo_transform_mobile":"","ocean_menu_typo_line_height":0,"ocean_menu_typo_line_height_tablet":0,"ocean_menu_typo_line_height_mobile":0,"ocean_menu_typo_line_height_unit":"","ocean_menu_typo_spacing":0,"ocean_menu_typo_spacing_tablet":0,"ocean_menu_typo_spacing_mobile":0,"ocean_menu_typo_spacing_unit":"","ocean_menu_link_color":"","ocean_menu_link_color_hover":"","ocean_menu_link_color_active":"","ocean_menu_link_background":"","ocean_menu_link_hover_background":"","ocean_menu_link_active_background":"","ocean_menu_social_links_bg":"","ocean_menu_social_hover_links_bg":"","ocean_menu_social_links_color":"","ocean_menu_social_hover_links_color":"","ocean_disable_title":"default","ocean_disable_heading":"default","ocean_post_title":"","ocean_post_subheading":"","ocean_post_title_style":"","ocean_post_title_background_color":"","ocean_post_title_background":0,"ocean_post_title_bg_image_position":"","ocean_post_title_bg_image_attachment":"","ocean_post_title_bg_image_repeat":"","ocean_post_title_bg_image_size":"","ocean_post_title_height":0,"ocean_post_title_bg_overlay":0.5,"ocean_post_title_bg_overlay_color":"","ocean_disable_breadcrumbs":"default","ocean_breadcrumbs_color":"","ocean_breadcrumbs_separator_color":"","ocean_breadcrumbs_links_color":"","ocean_breadcrumbs_links_hover_color":"","ocean_display_footer_widgets":"default","ocean_display_footer_bottom":"default","ocean_custom_footer_template":"0","footnotes":""},"class_list":["post-1208","page","type-page","status-publish","hentry","entry"],"_links":{"self":[{"href":"https:\/\/xn--digest-ernhrungsberatung-zbc.de\/index.php?rest_route=\/wp\/v2\/pages\/1208","targetHints":{"allow":["GET"]}}],"collection":[{"href":"https:\/\/xn--digest-ernhrungsberatung-zbc.de\/index.php?rest_route=\/wp\/v2\/pages"}],"about":[{"href":"https:\/\/xn--digest-ernhrungsberatung-zbc.de\/index.php?rest_route=\/wp\/v2\/types\/page"}],"author":[{"embeddable":true,"href":"https:\/\/xn--digest-ernhrungsberatung-zbc.de\/index.php?rest_route=\/wp\/v2\/users\/1"}],"replies":[{"embeddable":true,"href":"https:\/\/xn--digest-ernhrungsberatung-zbc.de\/index.php?rest_route=%2Fwp%2Fv2%2Fcomments&post=1208"}],"version-history":[{"count":13,"href":"https:\/\/xn--digest-ernhrungsberatung-zbc.de\/index.php?rest_route=\/wp\/v2\/pages\/1208\/revisions"}],"predecessor-version":[{"id":1270,"href":"https:\/\/xn--digest-ernhrungsberatung-zbc.de\/index.php?rest_route=\/wp\/v2\/pages\/1208\/revisions\/1270"}],"wp:attachment":[{"href":"https:\/\/xn--digest-ernhrungsberatung-zbc.de\/index.php?rest_route=%2Fwp%2Fv2%2Fmedia&parent=1208"}],"curies":[{"name":"wp","href":"https:\/\/api.w.org\/{rel}","templated":true}]}}